x?
13
Suppose -2*v + 2*p + 6 = 4*p, 0 = 3*p. Suppose -v*j - 27 = -6. Let c = 15 + j. What are the prime factors of c?
2
Let c(h) be the first derivative of 2*h**3/3 - 2*h**2 + 3*h - 1. List the prime factors of c(3).
3
Let v be 1 - (6/3 - 1). Suppose -3*i + 9 = 5*n - v*n, n + 3*i = -3. Suppose -n = -4*f + 25. What are the prime factors of f?
7
Let n(b) be the first derivative of -15*b**2/2 - b + 2. Let k be n(-1). Suppose 0 = -2*h + 10 + k. What are the prime factors of h?
2, 3
Let r(t) = -t**3 + 8*t**2 + 9*t + 9. Let v be r(8). Suppose 4*q + v = 7*q. List the prime factors of q.
3
Let n(h) = 2*h + 6. Let y be n(-5). Let m = y - -30. List the prime factors of m.
2, 13
Let c(w) = -8*w**2 + w - 1. Let n be c(1). Let r(v) = v**2 + 8*v + 6. List the prime factors of r(n).
2, 3
Suppose -z - 3 = -6. Suppose -31 = -2*v - 3*l, 4*l - 27 = z*v - 82. Suppose 0 = 4*b - 67 - v. List the prime factors of b.
3, 7
Let b be 1/(-2) - 2/(-4). Suppose 0 = -5*z - b*z + 5. What are the prime factors of -6*2*z/(-3)?
2
Let w(z) = 2*z**2 - 2*z + 1. List the prime factors of w(-3).
5
Suppose -3*i + 0 = -9. Suppose 11 = -4*s - i*k, -s + k - 6*k - 7 = 0. What are the prime factors of s/6 - (-16)/3?
5
Suppose 9 = 4*t + 41. Let i = 19 + t. What are the prime factors of i?
11
Let p = 9 - -20. What are the prime factors of p?
29
Let d(r) = -34*r**2 + r + 1. Let x be d(-1). Let l = -4 - x. What are the prime factors of l?
2, 3, 5
Suppose -2*j - 5*a + 113 = 0, 0*a - 5*a - 151 = -4*j. List the prime factors of j.
2, 11
Let m = 37 - 63. Suppose 4*b + r = 153, -4*b + 133 = -5*r + 2*r. Let s = b + m. List the prime factors of s.
11
Let v = -72 + 105. What are the prime factors of v?
3, 11
Suppose -4*r = 5*u, -3*u + 0*r + r = 0. Let v(h) = h**3 - h**2 - h + 21. List the prime factors of v(u).
3, 7
Suppose 0 = -g - 2 + 1, -5*y + 629 = -4*g. List the prime factors of y.
5
Let z = -9 - -3. Let t = -14 - z. List the prime factors of 1/((-6)/t)*6.
2
Let g(r) = -r**2 + 11*r + 8. Let x be g(7). List the prime factors of (-2)/8 + x/16.
2
Let d(l) = 3*l - 1. Let n be d(1). Suppose n*j = 2*a + 4*j - 16, 4*j - 26 = -3*a. List the prime factors of a.
2, 3
Let k(v) = v**2 - 10*v - 13. Let l be k(12). What are the prime factors of (-89)/(-2) - l/22?
2, 11
Suppose 4*w = x + 6, 4*x + x - 4*w = 2. Suppose 0*d = -x*d. Suppose -2*o + 9 + 1 = d. What are the prime factors of o?
5
Suppose 0*r - x - 109 = -4*r, -x - 1 = 0. What are the prime factors of r?
3
Suppose -2*c - 3*w - 10 = -4*c, 0 = 4*w + 8. Suppose l = 11 + c. What are the prime factors of l?
13
Suppose -33 = -4*h + 2*l + 237, -3*h - 4*l = -208. List the prime factors of h.
2, 17
Suppose 4*q + m = 0, 5*m - 23 = -0*q + 3*q. What are the prime factors of 2 + 16*q/(-2)?
2, 5
Suppose -3*c - 4*k + 29 = 0, c + 4*c - 4*k = -5. Suppose 4*r - 96 = -4*m, -129 = -5*r - c*m - 11. What are the prime factors of r?
23
Suppose 0 = -0*z - 3*z + 6. Suppose 0 = -v + 37 - z. What are the prime factors of v?
5, 7
Let l(h) = 1 - 2 + 7*h + 0 + 3. What are the prime factors of l(1)?
3
Suppose 3*p = -d - 3*d + 224, 126 = 2*d + 5*p. List the prime factors of d.
53
Suppose -29*u + 28*u = -72. List the prime factors of u.
2, 3
Let u(c) be the third derivative of c**6/120 + c**5/12 - 3*c**4/8 - c**3/2 + 3*c**2. What are the prime factors of u(-6)?
3, 5
Let v(o) = o**2 - 2*o + 105. Let d be v(0). Suppose 5*p + d = 10*p. What are the prime factors of p?
3, 7
Let t(y) = 2*y**2 + y. Let s be t(-2). Suppose 0 = 3*q + 5*j - s, j = 2*q - 4. What are the prime factors of q?
2
Let d(m) = 4*m**2 - 4*m + 8. Let c(s) = -7*s**2 + 9*s - 16. Let o(p) = -3*c(p) - 5*d(p). What are the prime factors of o(7)?
2
Let r(p) = 3*p**2 - 4*p + 2. Suppose 0*o = 2*o - 4. List the prime factors of r(o).
2, 3
What are the prime factors of (-291)/(-12)*(3 - 0 - -5)?
2, 97
Suppose 4*o - a - 7 - 160 = 0, 3*o - 3*a = 132. List the prime factors of o.
41
Suppose -415 = -4*g + 405. What are the prime factors of g?
5, 41
Let l(f) = -f**3 - 7*f**2 - f - 1. Let k(w) = -w**3 + 2*w**2 + w - 1. Let o be k(3). Let p be l(o). Suppose p*a = 4*a + 14. List the prime factors of a.
7
Suppose 0*y = -4*y - 40. Let m = y + -5. Let f = -10 - m. What are the prime factors of f?
5
Let y(h) = -52*h - 15. What are the prime factors of y(-2)?
89
Suppose -5*f + h + 20 = -2*f, -6 = -2*f - 3*h. Let x(r) = r + 1. List the prime factors of x(f).
7
Let i be 3 - (20/4 + -4). Suppose 41 = 5*v - i*v - k, 29 = 3*v + 5*k. List the prime factors of v.
13
Suppose 2*r - 27 = -r - 3*x, 2*r - 4*x = -12. Let f = 15 + -13. Suppose 2*i + 0*h - 20 = r*h, 4*i = -f*h + 40. List the prime factors of i.
2, 5
Let k = 8 + 1. Let c(i) = i**2 + 6*i + 6. Let r be c(-4). Let j = k - r. List the prime factors of j.
11
Let x be -3 + 36 + (-1)/1. Let d = -20 + x. What are the prime factors of d?
2, 3
Let s(c) = c + 2. Let a be s(-2). Suppose -u + 110 = 3*b, -5*b - 3*u - 65 + 243 = a. Let l = b - 19. List the prime factors of l.
19
List the prime factors of 4 + 1 + -11 + 265.
7, 37
Let s(l) = l + 15. Let g be s(-11). Let o = 1 + g. Suppose o*h = 5*x - 25 + 160, -5*x + 95 = 5*h. List the prime factors of h.
23
Let h(d) be the first derivative of d**2/2 + 2*d + 2. Suppose -4*r = -7*r + 15. List the prime factors of h(r).
7
Suppose 0*v + 12 = v. Let p be v/(0 - 9/(-30)). Suppose -5*q + p = -0. List the prime factors of q.
2
Suppose 6*l = l - 4*x + 194, 3*l = x + 130. What are the prime factors of l?
2, 3, 7
Suppose -2*h = 3*h - 4*z + 12, 0 = 5*h + z - 3. Suppose h = 3*d - 0*d - 42. List the prime factors of d.
2, 7
Suppose -27 = 5*g - 2. Let l be ((-6)/g)/((-4)/(-30)). Suppose 0 = 4*y - 4*k - 56, -k = 4*y - 37 - l. List the prime factors of y.
2, 3
Let j(b) = 2*b**2 - 2*b - 2. Let l be j(2). Suppose -7 - 9 = -l*v. Let i = 14 - v. List the prime factors of i.
2, 3
Let b(p) = p**3 - 4*p + 3. List the prime factors of b(2).
3
Let k(h) = h**3 - 7*h**2 - 5*h - 7. Let n(d) = d**3 - 6*d**2 + 7*d - 2. Let t be n(5). What are the prime factors of k(t)?
17
List the prime factors of -7*6*4/(-8).
3, 7
Suppose 6*c + 8 = 10*c. Suppose -i = c*i - 39. What are the prime factors of i?
13
Let z = -13 - -19. Suppose 5*t - 115 = -a - 48, -2*a = z. What are the prime factors of t?
2, 7
Let b = -12 - -17. Suppose r = b*r - 92. What are the prime factors of r?
23
Let t(d) = 17*d. Let p be t(1). Let f = p + -10. Let y = f - 2. List the prime factors of y.
5
Suppose 5*d - 239 = -i, 4*d + 0*i + 2*i = 196. What are the prime factors of d?
47
List the prime factors of (1 - (-2)/(-4))/(3/1086).
181
Let x(q) = 96*q**3 + 2*q**2 - 2*q + 1. What are the prime factors of x(1)?
97
Suppose -4*w + b + 30 = 3*b, -3*w - b + 21 = 0. Suppose -2*c + w*c = 8. List the prime factors of 1/(-1*c)*-22.
11
Let x be (-2245)/(-55) - (-4)/22. Let t = 68 - x. List the prime factors of t.
3
Let s(m) = -8*m + 32. What are the prime factors of s(-14)?
2, 3
Let r be (-583)/(-9) - (-4)/18. Suppose r = 2*l + 3*l. Let n = l + -4. List the prime factors of n.
3
Suppose 74 = 7*h + 11. What are the prime factors of h?
3
Let q = -31 - -24. Let o(f) = f**2 + 3*f - 10. List the prime factors of o(q).
2, 3
Let u = 58 + -26. List the prime factors of u.
2
Suppose 3*x + 4*m - 105 = -25, -2*x - 4*m = -48. List the prime factors of x.
2
Let l(d) = -3*d + 10. What are the prime factors of l(-7)?
31
Let v = 7 + -6. List the prime factors of v*(-3 - (3 + -35)).
29
Let z(x) = -1 - 2*x + x**2 - 6*x**2 + 6*x**2. List the prime factors of z(6).
23
Let u(w) = -4*w - 3. Let r be u(-4). Let o = 33 - r. What are the prime factors of o?
2, 5
Suppose l + 24 + 49 = -4*v, v = -2*l - 20. Let r = 7 - v. List the prime factors of r.
5
Let u(s) = -s - 1. Let d be u(-7). Let x be (-3)/((d/(-5))/2). Suppose -x*r = 2*t - 3*r - 12, 5*t - 3*r = 38. What are the prime factors of t?
7
Suppose -2*g + 7*g + 650 = 0. Let a = g - -89. Let q = a + 57. What are the prime factors of q?
2
What are the prime factors of 224/(-12)*3/(-2)?
2, 7
Suppose -30 = -5*c - 0*c. What are the prime factors of 231/c + 1/(-2)?
2, 19
Let u be -2*((-1)/(-2) - 1). Let f = -7 + u. What are the prime factors of (-44)/6*f/4?
11
Let p be (-1 - (-2)/3)*-9. Suppose -p*v - 2*t + 36 = -2*v, 3*v + 3*t - 99 = 0. Suppose 0 = w + 4*w - v. What are the prime factors of w?
2, 3
Let y = 198 + 